{"id":211,"date":"2023-02-02T03:05:31","date_gmt":"2023-02-02T03:05:31","guid":{"rendered":"https:\/\/primore.com.ar\/main\/?page_id=211"},"modified":"2023-02-02T17:22:30","modified_gmt":"2023-02-02T17:22:30","slug":"lenteja","status":"publish","type":"page","link":"https:\/\/primore.com.ar\/main\/lenteja\/","title":{"rendered":"Lenteja"},"content":{"rendered":"<p><img loading=\"lazy\" decoding=\"async\" class=\"size-medium wp-image-59 aligncenter\" src=\"https:\/\/primore.com.ar\/main\/wp-content\/uploads\/2022\/12\/lentejas-final-300x297.png\" alt=\"\" width=\"300\" height=\"297\" srcset=\"https:\/\/primore.com.ar\/main\/wp-content\/uploads\/2022\/12\/lentejas-final-300x297.png 300w, https:\/\/primore.com.ar\/main\/wp-content\/uploads\/2022\/12\/lentejas-final-1024x1014.png 1024w, https:\/\/primore.com.ar\/main\/wp-content\/uploads\/2022\/12\/lentejas-final-150x150.png 150w, https:\/\/primore.com.ar\/main\/wp-content\/uploads\/2022\/12\/lentejas-final-768x760.png 768w, https:\/\/primore.com.ar\/main\/wp-content\/uploads\/2022\/12\/lentejas-final-1536x1520.png 1536w, https:\/\/primore.com.ar\/main\/wp-content\/uploads\/2022\/12\/lentejas-final-100x100.png 100w, https:\/\/primore.com.ar\/main\/wp-content\/uploads\/2022\/12\/lentejas-final.png 1882w\" sizes=\"auto, (max-width: 300px) 100vw, 300px\" \/><\/p>\n<p>Las lentejas tienen el tercer nivel m\u00e1s alto de prote\u00ednas, por peso, de cualquier legumbre o nuez y son una fuente esencial de prote\u00ednas econ\u00f3micas en muchas partes del mundo, especialmente en Asia occidental e India, que tienen grandes poblaciones vegetarianas. Las lentejas tambi\u00e9n contienen fibra, \u00e1cido f\u00f3lico, vitamina B1 y minerales. El periodo de cosecha es entre los meses de octubre y noviembre. Su calibre ronda entre los 5mm y 7mm.<\/p>\n<p>&nbsp;<\/p>\n<p><a href=\"https:\/\/primore.com.ar\/main\/productos\/\">Regresar a Productos<\/a><\/p>\n","protected":false},"excerpt":{"rendered":"<p>Las lentejas tienen el tercer nivel m\u00e1s alto de prote\u00ednas, por peso, de cualquier legumbre o nuez y son una fuente esencial de prote\u00ednas econ\u00f3micas en muchas partes del mundo, especialmente en Asia occidental e India, que tienen grandes poblaciones vegetarianas. Las lentejas tambi\u00e9n contienen fibra, \u00e1cido f\u00f3lico, vitamina B1 y minerales. El periodo de &hellip; <\/p>\n<p class=\"link-more\"><a href=\"https:\/\/primore.com.ar\/main\/lenteja\/\" class=\"more-link\">Continuar leyendo<span class=\"screen-reader-text\"> \u00abLenteja\u00bb<\/span><\/a><\/p>\n","protected":false},"author":1,"featured_media":0,"parent":0,"menu_order":0,"comment_status":"closed","ping_status":"closed","template":"","meta":{"footnotes":""},"class_list":["post-211","page","type-page","status-publish","hentry"],"_links":{"self":[{"href":"https:\/\/primore.com.ar\/main\/wp-json\/wp\/v2\/pages\/211","targetHints":{"allow":["GET"]}}],"collection":[{"href":"https:\/\/primore.com.ar\/main\/wp-json\/wp\/v2\/pages"}],"about":[{"href":"https:\/\/primore.com.ar\/main\/wp-json\/wp\/v2\/types\/page"}],"author":[{"embeddable":true,"href":"https:\/\/primore.com.ar\/main\/wp-json\/wp\/v2\/users\/1"}],"replies":[{"embeddable":true,"href":"https:\/\/primore.com.ar\/main\/wp-json\/wp\/v2\/comments?post=211"}],"version-history":[{"count":2,"href":"https:\/\/primore.com.ar\/main\/wp-json\/wp\/v2\/pages\/211\/revisions"}],"predecessor-version":[{"id":253,"href":"https:\/\/primore.com.ar\/main\/wp-json\/wp\/v2\/pages\/211\/revisions\/253"}],"wp:attachment":[{"href":"https:\/\/primore.com.ar\/main\/wp-json\/wp\/v2\/media?parent=211"}],"curies":[{"name":"wp","href":"https:\/\/api.w.org\/{rel}","templated":true}]}}